inder when 69217 is divided by 129.
73
What is the remainder when 61047 is divided by 100?
47
Calculate the remainder when 12930 is divided by 49.
43
What is the remainder when 2029 is divided by 459?
193
What is the remainder when 3190 is divided by 103?
100
Calculate the remainder when 32339 is divided by 10778.
5
What is the remainder when 4579 is divided by 29?
26
Calculate the remainder when 245023 is divided by 403.
402
Calculate the remainder when 1113298 is divided by 88.
10
Calculate the remainder when 2598 is divided by 76.
14
Calculate the remainder when 9284 is divided by 248.
108
Calculate the remainder when 3002 is divided by 1479.
44
Calculate the remainder when 10887 is divided by 1074.
147
What is the remainder when 365519 is divided by 40?
39
What is the remainder when 223517 is divided by 40?
37
What is the remainder when 987770 is divided by 61?
58
Calculate the remainder when 44853 is divided by 18.
15
What is the remainder when 2192 is divided by 563?
503
Calculate the remainder when 53162 is divided by 5315.
12
What is the remainder when 8378 is divided by 1391?
32
Calculate the remainder when 1117487 is divided by 1117469.
18
Calculate the remainder when 238870 is divided by 538.
536
Calculate the remainder when 164350 is divided by 107.
105
Calculate the remainder when 167507 is divided by 1188.
1187
What is the remainder when 950434 is divided by 237605?
14
Calculate the remainder when 178496 is divided by 423.
413
Calculate the remainder when 47391 is divided by 173.
162
What is the remainder when 265599 is divided by 133?
131
Calculate the remainder when 18903 is divided by 191.
185
Calculate the remainder when 3930 is divided by 107.
78
What is the remainder when 39278 is divided by 2434?
334
What is the remainder when 21780 is divided by 5444?
4
What is the remainder when 1226 is divided by 1217?
9
What is the remainder when 46195 is divided by 29?
27
Calculate the remainder when 143925 is divided by 161.
152
Calculate the remainder when 128715 is divided by 573.
363
What is the remainder when 16947 is divided by 8427?
93
Calculate the remainder when 5183 is divided by 372.
347
Calculate the remainder when 277574 is divided by 17.
15
What is the remainder when 2835 is divided by 86?
83
What is the remainder when 313196 is divided by 165?
26
What is the remainder when 27401 is divided by 1369?
21
Calculate the remainder when 146678 is divided by 148.
10
Calculate the remainder when 11979 is divided by 2986.
35
Calculate the remainder when 994 is divided by 315.
49
What is the remainder when 17882 is divided by 17?
15
What is the remainder when 113572 is divided by 4?
0
What is the remainder when 1676 is divided by 75?
26
Calculate the remainder when 59425 is divided by 1010.
845
What is the remainder when 42926 is divided by 42883?
43
What is the remainder when 12451 is divided by 2997?
463
Calculate the remainder when 39126 is divided by 3910.
26
Calculate the remainder when 95964 is divided by 11993.
20
What is the remainder when 68699 is divided by 150?
149
Calculate the remainder when 4465 is divided by 103.
36
What is the remainder when 30974 is divided by 905?
204
What is the remainder when 265 is divided by 133?
132
Calculate the remainder when 624 is divided by 170.
114
What is the remainder when 1241 is divided by 203?
23
Calculate the remainder when 232088 is divided by 1517.
1504
What is the remainder when 146983 is divided by 724?
11
What is the remainder when 10384 is divided by 191?
70
Calculate the remainder when 19242 is divided by 4791.
78
Calculate the remainder when 27203 is divided by 27171.
32
What is the remainder when 8355 is divided by 14?
11
What is the remainder when 4451 is divided by 86?
65
What is the remainder when 6130 is divided by 683?
666
What is the remainder when 2622 is divided by 644?
46
Calculate the remainder when 820 is divided by 135.
10
Calculate the remainder when 7706 is divided by 289.
192
What is the remainder when 7186 is divided by 86?
48
Calculate the remainder when 7961 is divided by 1120.
121
Calculate the remainder when 19737 is divided by 19640.
97
Calculate the remainder when 1239 is divided by 40.
39
What is the remainder when 34658 is divided by 4?
2
Calculate the remainder when 5301 is divided by 1683.
252
What is the remainder when 53706 is divided by 655?
651
What is the remainder when 170 is divided by 168?
2
Calculate the remainder when 21971 is divided by 15.
11
What is the remainder when 64935 is divided by 64803?
132
What is the remainder when 32365 is divided by 19?
8
Calculate the remainder when 225885 is divided by 106.
105
Calculate the remainder when 187763 is divided by 8.
3
What is the remainder when 734747 is divided by 485?
457
Calculate the remainder when 8907 is divided by 6.
3
Calculate the remainder when 13838 is divided by 173.
171
Calculate the remainder when 20150 is divided by 240.
230
Calculate the remainder when 25662 is divided by 2851.
3
Calculate the remainder when 5615 is divided by 465.
35
What is the remainder when 57190 is divided by 44?
34
What is the remainder when 1395750 is divided by 1563?
1554
What is the remainder when 1258847 is divided by 17?
14
What is the remainder when 66414 is divided by 373?
20
What is the remainder when 15253 is divided by 83?
64
Calculate the remainder when 4621 is divided by 9.
4
What is the remainder when 2503 is divided by 2346?
157
Calculate the remainder when 206976 is divided by 6272.
0
What is the remainder when 2364 is divided by 477?
456
Calculate the remainder when 27692 is divided by 100.
92
Calculate the remainder when 2337 is divided by 85.
42
Calculate the remainder when 4152 is divided by 99.
93
What is the remainder when 2400 is divided by 93?
75
Calculate the remainder when 93527 is divided by 216.
215
What is the remainder when 3309 is divided by 1636?
37
What is the remainder when 402 is divided by 68?
62
Calculate the remainder when 5150 is divided by 466.
24
What is the remainder when 147156 is divided by 18393?
12
Calculate the remainder when 3054 is divided by 1004.
42
Calculate the remainder when 15474 is divided by 7650.
174
What is the remainder when 18031 is divided by 53?
11
What is the remainder when 1105695 is divided by 66?
63
Calculate the remainder when 112055 is divided by 43.
40
Calculate the remainder when 18853 is divided by 4696.
69
What is the remainder when 15277 is divided by 5092?
1
What is the remainder when 57388 is divided by 4412?
32
What is the remainder when 14819 is divided by 1158?
923
Calculate the remainder when 655 is divided by 99.
61
Calculate the remainder when 47022 is divided by 15668.
18
What is the remainder when 2763 is divided by 912?
27
What is the remainder when 3287 is divided by 332?
299
Calculate the remainder when 414925 is divided by 59274.
7
What is the remainder when 55986 is divided by 2434?
4
Calculate the remainder when 57958 is divided by 169.
160
Calculate the remainder when 186764 is divided by 116.
4
Calculate the remainder when 48547 is divided by 49.
37
What is the remainder when 3072 is divided by 864?
480
What is the remainder when 48762 is divided by 198?
54
What is the remainder when 54 is divided by 6?
0
What is the remainder when 19562 is divided by 63?
32
Calculate the remainder when 1280845 is divided by 1303.
1299
Calculate the remainder when 3999 is divided by 235.
4
Calculate the remainder when 19166 is divided by 61.
12
Calculate the remainder when 58151 is divided by 29.
6
Calculate the remainder when 188201 is divided by 53.
51
Calculate the remainder when 189348 is divided by 56.
12
What is the remainder when 1792 is divided by 1315?
477
Calculate the remainder when 7755 is divided by 10.
5
Calculate the remainder when 14141 is divided by 1571.
2
Calculate the remainder when 13516 is divided by 965.
6
Calculate the remainder when 4867 is divided by 44.
27
Calculate the remainder when 549142 is divided by 87.
85
Calculate the remainder when 4772 is divided by 22.
20
What is the remainder when 7668 is divided by 41?
1
Calculate the remainder when 119909 is divided by 449.
26
Calculate the remainder when 304 is divided by 68.
32
What is the remainder when 223653 is divided by 76?
61
What is the rem